1. What is the greatest common factor of 16 and o?
2
Let f = -6 + 12. Let g(x) = 53*x**2 + 1. Let i be g(1). Calculate the greatest common factor of i and f.
6
Let o be 66*(0/1 + 1). Calculate the greatest common factor of o and 22.
22
Suppose -4*p = -p - 9. Let q = 12 - p. What is the highest common divisor of q and 99?
9
Let c(g) = 23*g**3 + g**2 + g - 1. Let a be c(1). Calculate the greatest common divisor of a and 12.
12
Let g(x) = x**3 - 15*x**2 - 14*x - 8. Let u be g(16). What is the highest common factor of 3 and u?
3
Suppose -4*y = 8, 3*n = -0*n + 2*y + 16. Let t = -7 + 35. What is the greatest common divisor of n and t?
4
Suppose 4*g + h = 289, h - 1 = -0*h. Suppose 14 = 3*r - 1. Suppose 43 = 3*w - 4*u, -2*u + r = 2*w - 5. What is the highest common divisor of w and g?
9
Let t = 1 - -1. Let c be (8/10)/((-3)/(-60)). Calculate the highest common divisor of c and t.
2
Let r be 11*(-5)/(15/(-54)). Let b(m) = 23*m**2 + 2*m + 1. Let n be b(-1). Calculate the highest common divisor of n and r.
22
Suppose x = -19 + 51. What is the greatest common divisor of x and 160?
32
Let g be ((-8)/(-12))/(4/(-6)). Let u = g - -15. What is the greatest common factor of 112 and u?
14
Suppose -5*u = 2 - 7. Let j = u + 12. What is the greatest common factor of 39 and j?
13
Let q = 8 - 61. Let u = q - -110. What is the highest common divisor of u and 19?
19
Let b = -3 - -3. Let v = b - 1. Let k = 1 - v. What is the greatest common factor of 4 and k?
2
Let l = -23 - -75. What is the greatest common factor of l and 130?
26
Let u = -24 + 52. Calculate the highest common factor of 42 and u.
14
Let n = 15 + 27. What is the highest common divisor of 14 and n?
14
Let p = -7 + 9. Suppose -p*k - k = -4*i - 25, 0 = -3*k + i + 40. What is the greatest common divisor of k and 3?
3
Let u(m) = 10*m**2. Let o be u(1). Suppose -4 = -x - 5*k, -x + o = k + k. Let d = x - 4. Calculate the highest common divisor of d and 90.
10
Let b be 0/10*(-1)/2. Suppose -i - 5*y + 43 - 9 = b, -5*y = 2*i - 43. What is the highest common factor of i and 81?
9
Suppose 3*f + 5 - 20 = 0. Suppose -f*g - 36 + 113 = 4*r, r = -2*g + 23. Calculate the highest common factor of 13 and r.
13
Let p = 30 + -15. Suppose 0*l + 3*l - p = 0. Suppose -j - l*y - 6 + 1 = 0, -2*j + y + 23 = 0. Calculate the highest common factor of j and 70.
10
Suppose 2*t = 3*t - 4. Suppose -i + t*i = -l + 46, 3*l = -6. What is the highest common divisor of i and 40?
8
Let t(w) = -7*w - 1. Let b = 1 + -2. Let y be t(b). Calculate the greatest common divisor of 6 and y.
6
Suppose -10 - 22 = -2*x. Calculate the greatest common divisor of x and 2.
2
Let c = 10 + -5. Suppose 4*n - 34 = -c*m, 0 = -5*m + 2*n + n + 62. Calculate the highest common factor of 5 and m.
5
Let g be 4/14 + 624/21. What is the greatest common divisor of 12 and g?
6
Suppose 0 = -4*i + 3*i - 7. Let z(x) = -2*x + 10. Let v be z(i). What is the highest common factor of v and 6?
6
Suppose -4*u + 2*o + 304 = -2*o, 5*u = 3*o + 372. What is the highest common factor of 18 and u?
18
Suppose -53 = -4*a - 5. Suppose 0 = h + 5*t - 13, -8*t - 13 = -h - 3*t. Let m = h - 9. What is the highest common factor of a and m?
4
Suppose 5*h - 2*h - 840 = 0. Suppose -3*v = -8*v + h. Calculate the highest common factor of v and 7.
7
Suppose 0*g = -3*g + 30. Let n = -32 + 47. Calculate the highest common factor of g and n.
5
Suppose 3*j + n + 0*n - 310 = 0, 2*n = -4*j + 412. Calculate the highest common divisor of j and 26.
26
Let i(j) = j**3 + j**2 - j + 318. Let g be i(0). Let x = g - 129. Calculate the greatest common divisor of 21 and x.
21
Suppose s + 4*s - 25 = 0. Let v = s + -2. Let r = -39 + 66. What is the greatest common factor of r and v?
3
Let p(n) = 5*n + 3. Let q(u) = -u**2 + 5*u + 1. Let x be q(4). Let g be p(x). What is the greatest common divisor of 70 and g?
14
Suppose 3*t = 19 + 89. Calculate the highest common factor of 4 and t.
4
Suppose 0*y + y + 11 = 3*n, 3*y - n = 7. Let l = 26 - y. Calculate the greatest common factor of l and 66.
22
Let v be (5 - 2)*150/(-1). Let u be v/(-8) - (-2)/(-8). What is the greatest common factor of 8 and u?
8
Suppose -3*f = -m + 8, 7*f - 12*f = -2*m + 14. Let i be 4/6 - 2/(-6). Calculate the greatest common factor of m and i.
1
Suppose -5*t = -0*t + 3*f - 19, 7 = 5*t - f. What is the greatest common divisor of t and 1?
1
Let n be (12/(-10))/(9/(-30)). Suppose -j = -5*w + 4*j + 95, -8 = -n*j. Calculate the highest common divisor of 63 and w.
21
Suppose -q - 4*q + t = -275, 3*q = -2*t + 165. Let r(h) = -h + 2. Let n be r(2). Suppose 0 = 5*c - n*c - 110. Calculate the greatest common factor of q and c.
11
Suppose -4*d = 4*l - 32, 3*l - 6*l + 3*d + 36 = 0. What is the greatest common factor of l and 2?
2
Let b = -5 + 25. Calculate the highest common factor of b and 220.
20
Let m(q) = 5*q**2 + 3*q - 1. Let b be m(3). Let j = b + -31. Calculate the highest common factor of j and 2.
2
Suppose -3*d - 12 = -5*u, -5*d - 8 = -4*u - 3*d. Suppose 3 = p - u*p. Suppose p*s = -s - 8, -o - 4*s + 6 = 0. What is the greatest common factor of 21 and o?
7
Let g(y) = -2*y + 3. Let w be g(-10). Let q(l) = l**2 + 3*l - 1. Let f be q(-6). Suppose 4*z = f + w. Calculate the highest common divisor of z and 70.
10
Suppose -3*x - x = 48. Let a be (4/(-7))/(x/42). Suppose -2*d + 23 + 61 = 3*f, 0 = f - a*d - 28. What is the greatest common factor of f and 14?
14
Suppose i + 52 = 4*m - 0*i, -2*i - 68 = -5*m. What is the highest common factor of m and 18?
6
Let h(p) = 9*p**2 - 6*p. Let o be h(-3). Suppose v = -5*f + 21, -15 + 0 = -5*f. Let l be (2 + 1)*v/2. What is the highest common factor of l and o?
9
Let k(a) = 6*a**3 - 2*a**2 + 3*a - 6. Let y be k(2). What is the greatest common divisor of y and 100?
20
Let y be -4*4/(8/18). Let p = -24 - y. Calculate the greatest common factor of 36 and p.
12
Suppose 5*y + 0*z = -2*z + 18, -5 = 5*z. Suppose 2*u = -y*u + 36. What is the greatest common divisor of 24 and u?
6
Suppose -5*d - 2 = 13. Let q(j) = -2*j + 3. Let a be q(d). Calculate the greatest common factor of 99 and a.
9
Let k(i) = -i**3 - 16*i**2 + 14*i - 17. Let d be k(-17). Calculate the greatest common factor of d and 68.
34
Let c be (40/(-5) - -4) + (-26)/(-1). Calculate the greatest common divisor of 55 and c.
11
Let a = 110 + -100. Calculate the greatest common factor of 25 and a.
5
Let l(f) = -8*f**2 - f**3 - 8 - 3*f - 6*f**2 + 2*f**2. Let s be l(-12). Calculate the highest common divisor of s and 4.
4
Let v(l) = 4*l + 10 + 5*l + 4*l**2 - 4 - 3*l**2. Let j be v(-9). Let g = 1 + 2. Calculate the highest common divisor of g and j.
3
Let x be 6/(-4)*204/(-18). What is the greatest common factor of x and 136?
17
Let w be (-5 + -1)/(6/16). Let k be w/40 + 142/5. Calculate the highest common divisor of k and 4.
4
Let v be 2/6 - 72/(-27). What is the highest common divisor of v and 1?
1
Let m be 3/5*(4 + 1). Let i = m + -1. Suppose i*x - 6 - 2 = 0. Calculate the highest common factor of x and 2.
2
Let v(f) = -f**3 - 9*f**2 - 3*f. Let g be v(-9). Suppose -13 = 4*j - 445. What is the highest common divisor of j and g?
27
Let w = 7 - -18. Suppose 2*s + 25 = a + 4*a, -a + 5 = 4*s. Calculate the greatest common divisor of w and a.
5
Suppose -56 = -6*x + 2*x. Let d(o) = -o + 2. Let h be d(-5). Calculate the greatest common divisor of h and x.
7
Let s(r) = -r**2 - 19*r - 3. Let v be s(-16). Calculate the greatest common divisor of v and 15.
15
Let m(d) = -2*d**2 + 6*d + 1. Let i be m(7). Let n = 15 - i. What is the highest common factor of n and 10?
10
Let f = 30 + -19. What is the greatest common divisor of 22 and f?
11
Let p = 1 - -4. Let r be (-75)/(-5)*2/p. Calculate the highest common factor of r and 2.
2
Suppose 0 = -2*s + 4*r + 3 + 1, 2*r - 34 = -2*s. Let g be ((-242)/4)/(3/6). Let n = g + 241. What is the greatest common divisor of s and n?
12
Let a be 4 - (8 - (-8)/2). Let o be a/(-5 - -1) - -8. Let f be (-10 + 0)/(0 - 1). What is the highest common factor of f and o?
10
Let f = 2 - 5. Let g = 1 - f. Let l be g/(-6)*(2 + -29). What is the greatest common factor of 36 and l?
18
Suppose -m + 75 = 4*m. Let t be (30/(-8))/((-1)/4). Calculate the greatest common factor of m and t.
15
Suppose 0*j - 26 = -s + 5*j, 17 = 2*s - 3*j. What is the highest common diviso